 = 0, 0 = -f*g + 4*r + 444. List the prime factors of g.
2, 11
Let m = -16 - -18. Suppose m*n = 325 - 71. What are the prime factors of n?
127
Let h(s) = -s**3 - 2*s**2 - 10*s + 714. What are the prime factors of h(0)?
2, 3, 7, 17
List the prime factors of 48/(64/8) - (-1 + -114).
11
Suppose 3*m - 4 = m, -4*m = -2*f + 4. Suppose -f = k - 26. Suppose -2*d + k = 2*d. List the prime factors of d.
5
Suppose 2*v = v + 1. Let f(s) = 28*s**2 - 1. What are the prime factors of f(v)?
3
Let v(y) = 2*y + 27. Let b be v(-12). Let i be 105 - (b/(-1))/(-1). Suppose 0 = 3*q - 3*j - i, -7*q - 5*j = -2*q - 190. What are the prime factors of q?
2, 3
Let r be (-77)/22*4/(-7). List the prime factors of 0 - (-41 - (r + 1)).
2, 11
Let c(g) be the second derivative of -13*g**6/720 - g**5/24 - g**4 + 5*g. Let l(t) be the third derivative of c(t). What are the prime factors of l(-3)?
2, 17
Let m = -29 - -17. Let w = 321 - 320. Let s = w - m. List the prime factors of s.
13
Let k be -9*(-3)/9*3. Let u = k - -43. What are the prime factors of u?
2, 13
Suppose l - 13692 = -27*l. What are the prime factors of l?
3, 163
Let j = 8 + -5. Suppose -6*f = -j*f - 165. List the prime factors of f.
5, 11
Let q = 65 - 68. List the prime factors of 14*(-1 - (-148)/28) + q.
3, 19
Let f(i) = -i**2 - 104*i + 250. What are the prime factors of f(-52)?
2, 7, 211
Let c(h) = 2*h + 6 - 6 + 0*h. Let x be c(-1). What are the prime factors of (-2)/(-5)*(-130)/x?
2, 13
Suppose 5*t - 5*j - 835 = 0, 0 = 5*t - 3*j - 684 - 141. List the prime factors of t.
2, 3
Let v(d) = 12*d**2 + 3*d - 5. Let a(q) = -q**2 + 5*q + 2. Let k be a(6). Let u be v(k). Suppose 2*j = -3*j + u. What are the prime factors of j?
5, 7
Let p = -62 - -126. Let v = p + -22. What are the prime factors of v?
2, 3, 7
What are the prime factors of 3 + 6/4*4304/12?
541
Let z be (-950)/(-22) + (-6)/33. Suppose -2*r + 3*q - z - 45 = 0, -4*r + 3*q = 164. Let c = 81 + r. List the prime factors of c.
43
Let b(n) = 121*n - 36. List the prime factors of b(8).
2, 233
Suppose -176*u + 175*u - 4*k = -508, u = 2*k + 484. List the prime factors of u.
2, 3, 41
Let g(r) = 3*r**2 - 61*r - 21. What are the prime factors of g(31)?
971
Let b(f) = 48*f**2 + f - 10. Let z be b(-3). Suppose -g = -5*a + 637, z = 4*a + 3*g - 102. Suppose 24*o - 22*o = a. What are the prime factors of o?
2
Suppose -43 = -2*t + 5*i, 5*t + 0*i = -3*i + 123. Let q = 30 - t. What are the prime factors of q?
2, 3
Let h = 101 + -163. Let w = h + 138. What are the prime factors of w?
2, 19
Suppose 0 = 2*g - 5*o - 190, 2*o = -5*g - 0*o + 504. What are the prime factors of g?
2, 5
Suppose -n + 1 - 11 = 0. Let l = n - -29. List the prime factors of l.
19
Suppose -2*n = -0*n - 12. Let z(o) be the third derivative of o**5/20 - o**4/4 - 3*o**3/2 - o**2. What are the prime factors of z(n)?
3, 7
Let s(p) = -p**2 - 4*p - 1. Let m be s(-6). Let k = m + 13. Let a(r) = -r**3 + r**2 + r + 4. What are the prime factors of a(k)?
2
Let y(q) be the second derivative of 3*q + 9/2*q**2 + q**3 + 1/20*q**5 - 2/3*q**4 + 0. List the prime factors of y(7).
2
Let y be (16 - 9)/((-1)/7). Let b = -19 - y. List the prime factors of b.
2, 3, 5
Suppose -3 = -3*k + 6. Suppose -43 = -k*j - 7. List the prime factors of j.
2, 3
Let q = 3 - 7. Let d be 21/(-14) - 110/q. Let c = d - 6. What are the prime factors of c?
2, 5
Suppose -59440 = 21*b - 150559. List the prime factors of b.
4339
Let b be 5/(77/(-19) + 4). Let c = 6 - b. What are the prime factors of c?
101
Let v = -81 + 114. Suppose -37*k + v*k = -444. List the prime factors of k.
3, 37
Suppose 4*u + 347 = g, -g - 26*u + 311 = -21*u. List the prime factors of g.
331
Suppose -5*f + 2*t = -f - 114, 0 = 3*f + t - 88. Let m = f - 53. Let a = 50 + m. List the prime factors of a.
2, 13
Let n(q) = -3*q**3 + 6*q**2 - 4*q. Let u(z) = 4*z**3 - 7*z**2 + 5*z. Let t(k) = -3*n(k) - 2*u(k). List the prime factors of t(6).
2, 3, 7
Suppose -4*u + 4 + 428 = 0. Suppose u = -n + 298. What are the prime factors of n?
2, 5, 19
Suppose -472*c + 460*c = -42444. List the prime factors of c.
3, 131
Suppose -3 = 3*k - 4*t, 2*k - 5*t = 3*k - 18. Suppose k*x = y + 8, -3*y + 2*x = -2*y + 4. Suppose -q = -1, y*r + 2*q - 13 = -3*q. List the prime factors of r.
2
Let i be (-94)/2 + 0 + (-3)/1. Let f = -37 - i. What are the prime factors of f?
13
Let w = 9 - 5. Suppose 0 = -8*u + w*u + 96. Suppose 4*r = 4*n + u, 0*n = -n. List the prime factors of r.
2, 3
Let j be (24/2)/((-12)/(-56)). Let z(k) = k - 7. Let u be z(-12). Let q = j - u. List the prime factors of q.
3, 5
Suppose 7*i + 45 = 2*i. Suppose 0 = -2*r - 8 + 40. Let d = r + i. What are the prime factors of d?
7
Let b(x) = x. Let j(g) = 36*g - 1. Let a(n) = -5*b(n) + j(n). Let u be a(2). Suppose 4*y + 25 = u. List the prime factors of y.
3
Let c(i) = i**3 + 18*i**2 + 72*i + 10. List the prime factors of c(-12).
2, 5
Let r = -778 - -2327. What are the prime factors of r?
1549
Let w(i) be the third derivative of i**5/60 + i**4/24 + i**3 + 8*i**2. Let l be w(0). What are the prime factors of 3 - (-15)/6*l?
2, 3
Let c(t) = -101*t**3 - 3*t - 3. What are the prime factors of c(-1)?
101
Suppose 32*w - 469 = 395. What are the prime factors of w?
3
Suppose 39*p - 10060 = 41654. What are the prime factors of p?
2, 3, 13, 17
List the prime factors of 1*1*-1427*5/(-5).
1427
Suppose -182 = -3*x - 4*x. Let v = 71 - x. What are the prime factors of v?
3, 5
Suppose 10324 + 9804 = 16*k. List the prime factors of k.
2, 17, 37
Let x(b) = -b - 4. Let h be x(-6). Suppose 0 = 5*d - 3*z - 145, h*d + z = 2*z + 57. What are the prime factors of d?
2, 13
Let p = 88 + -83. Suppose p*k + 5*l - 49 - 171 = 0, 0 = 4*k - 5*l - 185. What are the prime factors of k?
3, 5
Let j be 8/(-1) + 15/(-3). List the prime factors of -181*(j/26 - (-2)/(-4)).
181
Let a = -1593 + 2295. List the prime factors of a.
2, 3, 13
Suppose -5*i = q - 4 - 3, -9 = -5*q + i. Suppose -2*z - 16 = -4*l, 0 = -q*l - 0*z - 2*z - 4. What are the prime factors of ((-2)/4)/(l/(-212))?
53
Let v(y) = y**2 + 14*y + 11. Let a(i) = i - 11. Let w be a(5). Let x be v(w). Let g = 1 - x. What are the prime factors of g?
2, 19
Let g = -66 - -33. Let m be 2/(-11) - 996/g. Suppose 4 - m = -c. What are the prime factors of c?
2, 13
Suppose -4*g = 3*x - 571, g = -9*x + 10*x - 188. Suppose 3*j - x = 543. List the prime factors of j.
2, 61
Let n(z) = -14*z + 6. Let k(u) = 13*u - 5. Let f(p) = -4*k(p) - 5*n(p). What are the prime factors of f(6)?
2, 7
What are the prime factors of (-8846)/(-30) - (-6)/45?
5, 59
Suppose 13*v = 2*v + 2310. List the prime factors of v.
2, 3, 5, 7
Let d = 22 - 18. Suppose -d*u - 316 = -1240. What are the prime factors of u?
3, 7, 11
Let t be (-13 - -17) + (-2 - -1). Suppose -5*a = -b - 647, t*a - 2*a - 4*b = 118. Suppose -a = -5*f - 4*n - n, 2 = -2*n. What are the prime factors of f?
3
Let l be (1/3)/((-4)/(-300)). Suppose 39 + l = -f - 2*k, -3*k = -12. Let y = 140 + f. What are the prime factors of y?
2, 17
Let v(g) be the first derivative of -g**4/4 - 4*g**3 + 10*g**2 + 28*g - 30. List the prime factors of v(-14).
2, 5, 7
Let m(o) = 53*o - 269. What are the prime factors of m(45)?
2, 23
Let v = -36 + 42. What are the prime factors of v/15 + (-2824)/(-40)?
71
Let k be (6*1/15)/(5/1950). Suppose 129 = l - k. List the prime factors of l.
3, 5, 19
Let m(r) = -16*r + 21. Let g = 19 + -31. List the prime factors of m(g).
3, 71
What are the prime factors of -237*(5 + -2)*30/(-27)?
2, 5, 79
Let r(n) = -17*n - 3. Suppose -20 = -0*k - 4*k. Suppose -k*c + 2*d - 22 = -3, 3*d = -2*c. What are the prime factors of r(c)?
2, 3
Let w be (-1174)/26 - (-16)/104. Let k = -23 - w. What are the prime factors of 1 - (2*k)/(-4)?
2, 3
Suppose -134*c = -136*c + 3464. What are the prime factors of c?
2, 433
Let l(d) = d**3 - 8*d**2 + 2*d - 12. Let s be l(8). Suppose 50 = s*m + 5*w, 6 = 5*w - 2*w. What are the prime factors of 90/12*12/m?
3
Let v be 634/18 + (-6)/27. Let m be -3 + (v - (1 + 0)). Let z = m - 22. List the prime factors of z.
3
Suppose -n + 4*w + 217 = 0, 0 = 4*n - 5*w - 126 - 786. What are the prime factors of n?
233
Let p be (1*(-3 - 0))/((-6)/(-8)). Let v(y) = -y**3 - 2*y**2 - 2*y + 1. What are the prime factors of v(p)?
41
Let w = -13 - 1. Let f be 4/w - 864/112. List the prime factors of f/